 c(j)?
3
Let r(c) be the third derivative of -c**4/6 + 95*c**3/6 - 2265*c**2. Determine r(24).
-1
Let h(c) = 37*c - 2. Let q(t) = -6*t. Let k(x) = -h(x) - 4*q(x). Let v(p) = 25*p - 4. Let n(a) = 7*k(a) + 3*v(a). What is n(-1)?
18
Suppose -44*v + 100*v + 168 = 0. Let n(c) = c**2 + 8*c + 19. Calculate n(v).
4
Let d(u) = u**2 - 7*u. Let a = -3039 - -3041. Determine d(a).
-10
Suppose 85 = 5*s - 60*d + 55*d, -5*s + 2*d + 73 = 0. Let p(k) = -k**3 + 11*k**2 + 27*k - 17. What is p(s)?
-4
Let d(b) = 3*b + 34. Let s be 2/10*(-8 + -29 + 12). Determine d(s).
19
Let a(d) be the first derivative of 1/2*d**2 + 1 - 14*d - 1/4*d**4 + 1/3*d**3. Let q = -1 - -1. Calculate a(q).
-14
Let g(h) = -7*h + 5. Let o be g(-2). Let u(n) = -o*n**3 + 5*n**3 + n**2 + n + 12*n**3. Calculate u(-1).
2
Let b(f) = f**2 - 13*f + 10. Let y be -2*(-20)/(-8) - 8*2. Let a = y - -33. Determine b(a).
-2
Let z(m) = 3*m**2 - m**3 - 5*m**2 + 4*m - 81074 + 81073 + m. Determine z(1).
1
Let v = 38 - 34. Suppose -3*r + 8 = 3*z + 35, -11 = v*r - z. Let p(n) = n**2 + 2*n - 9. What is p(r)?
-1
Let m(h) = -3*h - 9. Let x(a) = 22*a + 56. Let k(p) = -8*m(p) - x(p). What is k(-4)?
8
Let m(j) = 59*j - 530. Let t be m(9). Let d(u) = 21*u**3 + 2*u**2 - 4*u + 3. Calculate d(t).
22
Let y(i) be the first derivative of i**4/4 + 17*i**3/3 - 17*i**2/2 + 24*i + 38711. Suppose -4*u + 2*u = -2*l + 28, 4*l + 16 = 0. Determine y(u).
6
Suppose 24*z - 5*v + 6 = 28*z, 8*v + 48 = 0. Let p(k) = 2*k - 15. Determine p(z).
3
Let l be (3 + 0)/(3/2). Suppose -75 + 85 = 10*i. Suppose 3*x = 2*b + i, -l*x = -4*x + 6. Let p(s) = s**2 - 4*s - 4. Give p(b).
-4
Let g(y) = -y**3 - 70*y**2 - 2*y - 157. Let x be g(-70). Let v(h) = h + 55. Calculate v(x).
38
Let j(i) = 2 + 0 - 5*i - 6 - i**2 - 3*i. Suppose 25*b + 58*b = 13*b - 630. Determine j(b).
-13
Let s(d) = d**2 + 11*d - 11. Let j(i) = -517*i - 11. Let f be j(0). What is s(f)?
-11
Suppose 19*j - 23*j = -4*w - 4, 2*j - 4*w = -4. Let p(o) = -3*o + 17. Determine p(j).
5
Let m(n) = -n**2 - 9*n - 3. Let o be 3/(12/8) + -7. Let l be (3 + -2)/(o/45). Determine m(l).
-3
Suppose -40*s + 54 = -4*q - 42*s, -4*q = -5*s - 9. Let j(p) = -11*p - 78. Determine j(q).
21
Let w(m) = 3*m**2 + 170*m - 732. Let a be w(4). Let c(d) = -5*d**2 - 19*d + 7. Give c(a).
3
Let d(m) = 3 + 6*m**2 - 21*m**3 - m + 0 + 20*m**3. Let o = -1048 - -1054. Give d(o).
-3
Suppose 4*u + v + 9 = -0*v, -4*v - 8 = 2*u. Let j be -2 + 1 + u - 129/(-43). Let m(f) = -f**2 + f + 6. Give m(j).
6
Let f(n) = 2 + 17*n + 4*n - n**2 - 7*n. Suppose -60 = -5*i - 5*s, -37 = 92415*i - 92418*i - 2*s. Give f(i).
15
Let a(v) be the first derivative of 5*v**2/2 - 11*v + 818. Give a(-4).
-31
Let b = 313 + -312. Let o(d) = -1 - d - 3*d + 15*d. Give o(b).
10
Suppose 5*p = -2*j - 6 - 24, -4*p - 8 = 0. Let i(t) = 47*t + 474. Determine i(j).
4
Let j(c) = 28206*c**2 - 28211*c**2 + 1 - 2*c**3 + 2*c**3 - 7*c + 4*c**3 - 3*c**3. Suppose 6*s - 5*s - 6 = 0. Determine j(s).
-5
Let s(n) be the third derivative of 29*n**4/24 + 115*n**3/3 + 6*n**2 + n - 2. Determine s(-9).
-31
Let k(a) be the third derivative of -a**4/3 - 17*a**3/6 + 11308*a**2. Calculate k(-3).
7
Let b(y) = 479*y**2 + 19 - 1430*y**2 - 11*y + 469*y**2 + 483*y**2. Give b(2).
1
Let d be (-15)/(-9) - (-793)/39. Suppose -d*w - 28 = -26*w. Let q(l) = -l**2 + 5*l - 5. Determine q(w).
-19
Suppose 9*z - 48 = -21. Let b(d) = -d**3 - 2*d**2 + 8*d - 9. Give b(z).
-30
Let k(m) = m + 14. Let w = 79 - 78. Let l be 2*w/(4 - (5 - 3)). Let f(p) = -14*p**3 + 2*p - 1. Let y be f(l). What is k(y)?
1
Let t(a) = -15*a**2 + 3*a + 3. Let o = -1847 - -1846. What is t(o)?
-15
Let o(c) be the second derivative of 17*c**3/6 + 241*c**2/2 + 4*c - 1687. Give o(-12).
37
Let u(o) = 5*o**2 + 113*o + 6 + o**3 - 120*o + 0*o**3. What is u(-6)?
12
Let f(k) = k - 2. Let m(p) = -p + 7. Let y(u) = 1. Let s(w) = m(w) - 3*y(w). Let d(h) = 6*f(h) + 7*s(h). What is d(12)?
4
Let p(x) = x**2 + 5*x + 6. Let q = -47 - -21. Let g = -29 - q. Let c be p(g). Let y(h) = h**2 - h - 4. Give y(c).
-4
Let t(y) = 4*y - 4 + 2*y + 2208*y**2 - 2207*y**2. Let p = 13 - 10. Let s(i) = -i - 4. Let j be s(p). What is t(j)?
3
Let n(u) = 77*u**3 + u**2 - 1. Suppose -43*p = -39*p + 4, a - 3*p - 2 = 0. Determine n(a).
-77
Let m(r) be the third derivative of r**6/120 - r**5/10 + 7*r**4/24 + 5*r**3/6 - 1006*r**2. What is m(4)?
1
Let u(i) = 88*i + 21. Let a(w) = 51*w + 10. Let h(l) = 7*a(l) - 4*u(l). Determine h(5).
11
Let s(o) = o**2 - 12*o - 12. Let q be (-1)/(0 + 3/(-6)). Suppose 11*u + 36 = q*c + 8*u, 0 = -3*c + 2*u + 44. Calculate s(c).
-12
Let i be (45/(-20))/(-3 + 27/12). Let j(m) = 3 - 4*m**2 + 6*m**2 + 0 - 1 - 5*m. Calculate j(i).
5
Let x(n) = -10 + 8*n + n**2 + 12 - 10 - 6 - 3. What is x(5)?
48
Suppose -15 + 115 = 100*y. Let d(v) = 54*v - 45. What is d(y)?
9
Let o(b) = b**3 + 8*b**2 + 6*b - 8. Let j be (-99)/12 - 22/(-88). Let k be (-35)/10*j/(1 + -5). Calculate o(k).
-1
Let m(r) be the second derivative of 1/3*r**3 - 5/2*r**2 + 0 - 11*r. Let j(t) = t - 1. Let g(z) = 3*j(z) - m(z). Give g(-3).
-1
Let x(c) = -c**2 - 8*c - 9. Suppose -29*p = -22*p + 56. Let i be (-2)/(p/42)*142/(-213). Give x(i).
-2
Let r(t) = 6*t - 1. Suppose -s + 6*s - 17 = -2*i, 3*s + 2*i = 7. Suppose j + 43 + 47 = s*h, -4*h + 4*j = -72. Let f = -15 + h. Calculate r(f).
17
Let v(p) = 36*p - 3. Let h(b) = b**2 - 86*b + 1838. Let i be h(40). Determine v(i).
-75
Let y = -4351 + 52213/12. Let v(r) be the third derivative of 20*r**2 + 0*r + 0 - y*r**4 - 1/3*r**3. Determine v(-2).
2
Let q(i) = -574*i - 4291. Let u(v) = -58*v - 430. Let m(x) = 5*q(x) - 49*u(x). Give m(-14).
7
Let i(v) = -43*v - 335 - 332 + 48*v + 654. Give i(4).
7
Let m = -16159 + 16159. Let w(k) = -7*k**2 - 1. Let x(r) = 10*r**2 + 1. Let o(i) = 7*w(i) + 5*x(i). Give o(m).
-2
Let l be (-30)/45 + 176/3. Suppose -k = -l + 49. Let a(s) = -s**2 + 10*s - 7. Calculate a(k).
2
Let z(g) be the first derivative of g**3/3 - 3*g**2 + 5*g - 216. Let h = 7 + -1. Give z(h).
5
Let g(n) = n**3 + 8*n**2 - 9*n + 2. Let z be g(-9). Let w(c) = -c**3 + c + 2*c**3 + 7*c**z - 6*c**2. Suppose -4*a = -q - 20, q + 4*a = 7*a - 15. Calculate w(q).
0
Let g = 20392 - 20399. Let y(n) = n**3 + 9*n**2 + 5*n - 40. What is y(g)?
23
Let s(f) = f**3 - 656*f + 181*f - 16*f**2 + 45 + 393*f. Determine s(20).
5
Let x(o) = -4 + 4 - 6 + 18*o - 3 + 7. Calculate x(3).
52
Let d(v) = 11*v + 110. Suppose 32*f = -14018 + 13666. What is d(f)?
-11
Let f(d) = -d - 1. Let h be (-811)/(-6) - (-2)/(-12). Let t be (-2)/(-9) + 105/h. Suppose -3*r + t = -2*r. Calculate f(r).
-2
Let v(f) = -28*f - 5. Let u(w) = -40*w - 8. Let q be 20/(-8)*((-42)/(-7) + -4). Let z(k) = q*u(k) + 7*v(k). Determine z(-4).
-11
Let z = 134 - 129. Let i(w) be the first derivative of w**5/120 + 7*w**4/24 + w**3/3 + 7. Let o(m) be the third derivative of i(m). Give o(z).
12
Let f(m) = m**2 + m - 25. Let t = -245 + 252. What is f(t)?
31
Let q(g) = 35*g + 39*g - 119*g + 43*g + 53. Determine q(24).
5
Let f(s) = -2819 - 5*s + 2843 + 2*s. Calculate f(6).
6
Let p(l) = -31*l + 176. Let m(i) = -i - 21. Let t(o) = -5*m(o) - p(o). Determine t(2).
1
Let m(a) = -120 + 16*a + 99 + 6*a - 17*a. Calculate m(3).
-6
Let d(f) = -49*f**3 - 2*f**2 + 6*f - 15. Let k be d(2). Let r be (-4)/26 + 6386/k. Let b(y) = -y**2 - 15*y + 7. Give b(r).
-9
Suppose 77 = -4*u + f, -25 = -0*u + 2*u - 5*f. Let l = u + 24. Suppose 0 = -0*o - l*o + 24. Let z(c) = -c - 7. Determine z(o).
-13
Let s = 0 + 0. Let j be (14/(-21)*-27)/2. Let w(k) = j - 2 - k + 7 - 6. Determine w(s).
8
Let y(m) = m**3 - 7*m**2 + 4*m + 1. Let q = 6619 - 6614. Determine y(q).
-29
Let o = 7 - 13. Let d = 395 + -379. Let i(t) = 9 - 39 + 11 + t + d + 12. What is i(o)?
3
Let k(q) be the second derivative of 0 + 1/4*q**4 - 1/2*q**3 - 1/120*q**6 - 10*q + 1/20*q**5 + 5*q**2. Let u(y) be the first derivative of k(y). Give u(5).
-23
Suppose 0 = 12*r - 5*r - 28. Suppose r*s + 28 = -0*s. Let m(z) = -z - 7. Calculate m(s).
0
Suppose 5*q + 5*m = 15, -6 = 4*q + 3*m - 16. Let s(u) = 0 + u**2 - 3710*u - 1 + 3709*u. Calculate s(q).
-1
Let y be (2 - 0/3)/(-1). Suppose -p = 3 - 4. Let w(m) = 11*m - 3*m - p - 10*m + 3. What is w(y)?
6
Let j(f) = 3*f - 4. Let x be (-1)/4 - (5310/(-24) - 6). Let h = -221 + x. Calculate j(h).
14
Let x = 109 + -106. Let o(f) = 10*f - 9. Determine o(x).
21
Suppose 